t common factor of 4 and 1148.
4
Calculate the highest common divisor of 149 and 11771.
149
Calculate the greatest common divisor of 464 and 406.
58
What is the greatest common divisor of 66 and 2574?
66
What is the highest common factor of 21 and 1883?
7
What is the highest common divisor of 612 and 255?
51
Calculate the greatest common divisor of 208 and 728.
104
What is the highest common divisor of 90 and 570?
30
What is the highest common factor of 24 and 208?
8
Calculate the highest common factor of 380 and 12.
4
What is the highest common divisor of 3748 and 4?
4
Calculate the greatest common divisor of 34 and 1666.
34
Calculate the greatest common factor of 1024 and 32.
32
Calculate the greatest common factor of 64 and 6976.
64
What is the highest common divisor of 1848 and 33?
33
What is the highest common divisor of 54 and 90?
18
What is the highest common divisor of 92 and 1702?
46
Calculate the greatest common divisor of 779 and 285.
19
Calculate the highest common divisor of 2 and 3546.
2
Calculate the greatest common divisor of 64 and 4.
4
Calculate the highest common factor of 374 and 154.
22
Calculate the highest common factor of 7040 and 60.
20
Calculate the highest common divisor of 11628 and 17.
17
What is the highest common divisor of 1056 and 8?
8
What is the highest common factor of 244 and 1891?
61
Calculate the highest common factor of 4 and 17492.
4
Calculate the greatest common divisor of 140 and 4480.
140
Calculate the greatest common divisor of 27 and 14283.
27
What is the highest common factor of 432 and 912?
48
What is the highest common factor of 275 and 22?
11
What is the highest common factor of 1206 and 18?
18
Calculate the greatest common factor of 23983 and 58.
29
Calculate the greatest common divisor of 875 and 6475.
175
Calculate the greatest common factor of 8 and 1384.
8
Calculate the greatest common divisor of 12854 and 2.
2
What is the highest common factor of 7421 and 287?
41
Calculate the greatest common factor of 88 and 352.
88
Calculate the highest common factor of 1782 and 253.
11
What is the highest common factor of 90 and 1830?
30
Calculate the greatest common divisor of 396 and 924.
132
Calculate the greatest common factor of 33 and 143.
11
Calculate the greatest common factor of 595 and 2125.
85
Calculate the highest common divisor of 49 and 10927.
49
What is the greatest common divisor of 2 and 32?
2
Calculate the highest common divisor of 40 and 56360.
40
Calculate the highest common factor of 112 and 32.
16
What is the greatest common divisor of 260 and 20?
20
What is the greatest common factor of 616 and 440?
88
What is the highest common divisor of 4061 and 262?
131
What is the greatest common factor of 598 and 26?
26
What is the highest common divisor of 70 and 40?
10
Calculate the greatest common divisor of 621 and 69.
69
Calculate the highest common divisor of 216 and 2052.
108
Calculate the highest common factor of 11 and 1793.
11
What is the highest common divisor of 63 and 144?
9
What is the greatest common divisor of 28 and 686?
14
Calculate the highest common factor of 8292 and 12.
12
What is the greatest common factor of 880 and 44?
44
Calculate the greatest common divisor of 154 and 33187.
77
What is the greatest common divisor of 90 and 126?
18
What is the greatest common divisor of 65 and 2015?
65
Calculate the highest common divisor of 2666 and 310.
62
Calculate the greatest common factor of 10696 and 112.
56
What is the highest common divisor of 532 and 1900?
76
Calculate the greatest common factor of 906 and 12.
6
Calculate the highest common divisor of 30 and 795.
15
Calculate the greatest common factor of 429 and 16159.
143
What is the greatest common factor of 1536 and 72?
24
Calculate the greatest common factor of 1570 and 10.
10
What is the highest common divisor of 355 and 284?
71
What is the highest common divisor of 925 and 225?
25
What is the greatest common factor of 484 and 220?
44
What is the highest common factor of 168 and 126?
42
What is the greatest common divisor of 4992 and 195?
39
Calculate the highest common divisor of 88 and 220.
44
What is the greatest common divisor of 47 and 2491?
47
What is the greatest common divisor of 944 and 59?
59
What is the highest common factor of 6 and 492?
6
Calculate the greatest common divisor of 60 and 36.
12
Calculate the greatest common factor of 2014 and 38.
38
What is the highest common divisor of 28 and 79604?
28
Calculate the greatest common divisor of 953 and 1.
1
Calculate the highest common divisor of 2002 and 26.
26
What is the greatest common divisor of 240 and 132?
12
What is the highest common divisor of 130 and 230?
10
Calculate the highest common divisor of 39 and 2158.
13
Calculate the highest common divisor of 2890 and 30.
10
Calculate the greatest common divisor of 1510 and 10.
10
Calculate the highest common factor of 44700 and 300.
300
Calculate the greatest common factor of 14 and 70.
14
Calculate the highest common factor of 80 and 176.
16
Calculate the highest common divisor of 3 and 3.
3
What is the highest common divisor of 228 and 2869?
19
Calculate the greatest common factor of 390 and 460.
10
Calculate the greatest common factor of 6839 and 84.
7
What is the highest common factor of 54 and 972?
54
Calculate the highest common divisor of 1220 and 50.
10
What is the greatest common factor of 72 and 32?
8
Calculate the highest common divisor of 836 and 760.
76
What is the highest common divisor of 243 and 81?
81
What is the highest common factor of 7 and 721?
7
What is the greatest common divisor of 112 and 1288?
56
What is the highest common divisor of 744 and 48?
24
Calculate the greatest common factor of 162 and 702.
54
What is the greatest common divisor of 343 and 14?
7
What is the highest common divisor of 22 and 55?
11
What is the greatest common factor of 125 and 800?
25
What is the greatest common factor of 8208 and 19?
19
What is the greatest common factor of 1232 and 77?
77
What is the highest common divisor of 60 and 260?
20
What is the greatest common factor of 2304 and 99?
9
Calculate the greatest common factor of 60 and 375.
15
Calculate the highest common divisor of 3421 and 11.
11
Calculate the greatest common divisor of 15 and 10.
5
Calculate the highest common factor of 375 and 120.
15
What is the greatest common divisor of 3 and 2517?
3
What is the highest common factor of 533 and 328?
41
Calculate the highest common factor of 12 and 6180.
12
Calculate the greatest common factor of 378 and 54.
54
What is the greatest common divisor of 1 and 92?
1
What is the highest common factor of 48 and 72?
24
What is the greatest common factor of 2041 and 52?
13
Calculate the highest common factor of 276 and 14.
2
What is the greatest common factor of 100 and 428?
4
Calculate the highest common factor of 150 and 270.
30
What is the greatest common divisor of 105 and 63?
21
What is the greatest common divisor of 23 and 1564?
23
What is the highest common factor of 9 and 81288?
9
What is the highest common divisor of 351 and 78?
39
Calculate the greatest common factor of 87 and 232.
29
Calculate the greatest common divisor of 1556 and 4.
4
Calculate the highest common divisor of 8 and 166.
2
What is the greatest common factor of 2128 and 35?
7
What is the highest common factor of 2266 and 704?
22
What is the highest common divisor of 5268 and 96?
12
What is the greatest common factor of 4913 and 17?
17
Calculate the highest common divisor of 3220 and 28.
28
Calculate the highest common factor of 944 and 59.
59
What is the greatest common divisor of 8 and 1?
1
Calculate the highest common divisor of 10494 and 792.
198
Calculate the highest common factor of 54 and 24.
6
What is the highest common divisor of 78 and 858?
78
Calculate the greatest common factor of 576 and 162.
18
Calculate the greatest common divisor of 3647 and 112.
7
What is the greatest common divisor of 34 and 629?
17
Calculate the greatest common factor of 136 and 5100.
68
Calculate the greatest common divisor of 3416 and 168.
56
What is the greatest common factor of 858 and 132?
66
What is the greatest common factor of 6516 and 144?
36
What is the highest common factor of 299 and 46?
23
Calculate the highest common di